test common factor of 226973 and 292168.
59
What is the greatest common factor of 3179252428 and 1252?
1252
Calculate the greatest common divisor of 117810 and 25074.
126
What is the greatest common divisor of 6490941 and 15?
3
What is the highest common divisor of 1176633 and 27?
27
Calculate the greatest common factor of 1321 and 16039582.
1321
Calculate the highest common factor of 95080099 and 193.
193
What is the greatest common divisor of 656 and 543008?
16
What is the greatest common factor of 4408 and 780158?
58
Calculate the highest common factor of 11 and 108782817.
11
What is the highest common factor of 86924275 and 475?
25
What is the greatest common factor of 216 and 18618309?
27
What is the highest common divisor of 274021 and 22913?
11
Calculate the highest common divisor of 5174646 and 42.
6
What is the greatest common factor of 27441308 and 232?
116
What is the greatest common factor of 126138360 and 1560?
120
Calculate the greatest common factor of 550148532 and 6564.
6564
What is the greatest common divisor of 546 and 116050256?
14
What is the greatest common factor of 3738 and 37794562?
178
Calculate the highest common factor of 737205 and 38940.
885
Calculate the highest common divisor of 10998 and 54368002.
1222
Calculate the greatest common divisor of 16968816 and 1.
1
Calculate the greatest common divisor of 23708295 and 78489.
4617
What is the highest common divisor of 1699 and 893395364?
1699
What is the highest common divisor of 39882 and 1247970?
102
What is the highest common factor of 54 and 866858?
2
What is the greatest common factor of 1689260 and 4384?
4
Calculate the greatest common divisor of 4928 and 295296848.
1232
What is the highest common divisor of 7564494 and 4630?
926
What is the highest common divisor of 393604 and 90364?
76
Calculate the greatest common divisor of 433569875 and 5.
5
What is the highest common divisor of 172 and 180609718?
86
What is the greatest common divisor of 486 and 56483406?
486
Calculate the highest common factor of 1742181 and 897.
69
What is the highest common factor of 14650 and 139750?
50
What is the highest common factor of 29295 and 128295?
45
Calculate the highest common divisor of 137968732 and 33.
11
What is the greatest common factor of 2655 and 428635?
295
Calculate the highest common factor of 455 and 4513285.
35
What is the highest common divisor of 436139915 and 23?
23
What is the greatest common factor of 5176 and 2507772?
2588
Calculate the highest common divisor of 3618 and 442334.
134
What is the highest common divisor of 5432115 and 2925?
195
Calculate the greatest common factor of 87521889 and 294.
147
What is the greatest common divisor of 6438 and 1097346?
222
What is the greatest common factor of 3109689 and 17105?
3421
Calculate the greatest common divisor of 1157 and 89219.
13
What is the greatest common divisor of 1223807 and 6279?
299
What is the greatest common factor of 1446261 and 114?
57
Calculate the highest common factor of 7131901 and 49.
49
Calculate the highest common divisor of 559950 and 31425.
75
What is the highest common factor of 2200 and 7064475?
275
What is the greatest common factor of 81 and 67308?
3
Calculate the highest common factor of 151544709 and 3348.
837
What is the greatest common divisor of 928590771 and 6381?
2127
Calculate the highest common factor of 3 and 3558294.
3
Calculate the highest common factor of 1312 and 83168.
32
Calculate the highest common divisor of 5307753 and 1023.
33
Calculate the greatest common factor of 385030 and 348890.
1390
Calculate the highest common factor of 609433 and 363.
11
What is the highest common factor of 155455114 and 46?
46
Calculate the greatest common factor of 5836684 and 2456.
1228
What is the greatest common factor of 110 and 6405905?
55
What is the greatest common divisor of 770 and 23750370?
70
What is the highest common factor of 49968 and 57801872?
5552
Calculate the highest common factor of 5600 and 9908920.
280
What is the greatest common divisor of 1148449 and 72509?
2339
Calculate the greatest common factor of 2468 and 805662558.
1234
Calculate the greatest common divisor of 6129552 and 323.
19
What is the greatest common factor of 7592 and 129480?
104
What is the highest common factor of 75565 and 872236?
2159
Calculate the highest common factor of 799 and 672401.
17
Calculate the greatest common factor of 11928052 and 38236.
316
Calculate the highest common divisor of 311356398 and 9.
3
What is the highest common factor of 112686407 and 18584?
2323
Calculate the highest common divisor of 1029 and 31117989.
1029
What is the greatest common divisor of 138 and 8825169?
69
Calculate the highest common divisor of 283968 and 102848.
64
Calculate the highest common divisor of 11520 and 132898560.
3840
Calculate the highest common divisor of 55 and 1865127.
11
What is the highest common factor of 10160 and 86233?
127
What is the greatest common divisor of 39 and 248559987?
39
Calculate the highest common factor of 4973086 and 19886.
122
What is the greatest common factor of 3173095 and 245?
5
Calculate the highest common divisor of 896950810 and 142.
142
Calculate the greatest common factor of 29408170 and 18685.
505
What is the highest common divisor of 10 and 638300?
10
Calculate the highest common factor of 14954194 and 1130.
226
What is the highest common divisor of 70045313 and 208?
13
What is the highest common divisor of 61217 and 361777?
221
Calculate the highest common factor of 2068 and 12542937.
517
What is the highest common factor of 57152 and 1005518?
1786
Calculate the greatest common factor of 2042064 and 3915.
783
Calculate the greatest common factor of 2 and 4108046.
2
Calculate the greatest common factor of 20066 and 65254.
158
Calculate the greatest common divisor of 2627 and 3970248.
37
What is the highest common divisor of 93582 and 11610?
54
What is the highest common factor of 1352 and 1807286?
338
Calculate the highest common factor of 3749284 and 3102.
1034
Calculate the greatest common factor of 511382668 and 28495.
5699
Calculate the greatest common divisor of 372354 and 1703506.
542
What is the greatest common factor of 184 and 908264?
8
What is the greatest common factor of 461809 and 7064?
883
Calculate the highest common factor of 52658816 and 64.
64
Calculate the highest common factor of 80232 and 404696.
8
Calculate the greatest common factor of 1890972 and 432.
108
Calculate the highest common divisor of 7304 and 107568.
664
What is the greatest common divisor of 4 and 710972?
4
Calculate the greatest common divisor of 19760 and 389168.
208
What is the greatest common factor of 160 and 9041290?
10
Calculate the highest common factor of 74828 and 114458060.
5756
What is the greatest common factor of 163884 and 67732?
28
What is the highest common factor of 324 and 3656448?
108
Calculate the highest common divisor of 450275 and 58373.
217
What is the greatest common divisor of 21065 and 1978195?
1915
Calculate the highest common divisor of 623 and 23095037.
7
Calculate the greatest common divisor of 196270167 and 708.
177
What is the highest common divisor of 22377376 and 70?
14
What is the greatest common divisor of 12067931 and 18227?
1657
Calculate the highest common factor of 15504 and 35701.
19
What is the greatest common factor of 29180607 and 6057?
2019
What is the highest common divisor of 5144776 and 546?
182
Calculate the highest common factor of 102 and 2608446.
102
Calculate the highest common factor of 5088546 and 144.
18
Calculate the greatest common divisor of 68459 and 388314.
17
Calculate the greatest common divisor of 430172 and 347639.
2501
What is the highest common divisor of 570 and 135640240?
190
What is the greatest common factor of 10807600 and 17712?
656
What is the highest common divisor of 104 and 9215176?
8
What is the highest common divisor of 163734 and 11658?
174
What is the greatest common divisor of 6795274 and 248302?
2278
What is the greatest common factor of 7229726 and 154?
14
Calculate the greatest common divisor of 363 and 4506.
3
Calculate the highest common divisor of 855 and 125255448.
171
Calculate the highest common divisor of 10 and 28759030.
10
Calculate the highest common factor of 154310